-1) + 6. Let s(v) be the second derivative of v**3/6 + v**2/2 - 4*v. Let r(x) = -5*x + 1. Let n(i) = -r(i) - 2*s(i). Determine n(f).
6
Let x(o) be the second derivative of -o**5/20 - o**4/12 + o**3/6 + 3*o**2/2 - 425*o. Determine x(3).
-30
Let a = 50 - 46. Let q(w) = -w**2 - 8*w + 4. Let p be q(-8). Let k(o) = -o**3 - 5*o + p*o - 3*o + a*o**2 + 3*o + 2. Determine k(3).
8
Let y = 32009 - 32001. Let o(v) = -v**2 + 13*v - 14. Calculate o(y).
26
Let p(f) be the third derivative of -f**5/12 + f**4/12 - f**2. Suppose -5*h - 15 = 0, 19*h = -5*l + 10*l + 23*h + 17. Give p(l).
-7
Let q(c) = c. Let v be q(-5). Let d(o) be the third derivative of 0*o - 1/60*o**5 - 1/6*o**4 - 138*o**2 - o**3 + 0. Calculate d(v).
-11
Let s(p) = -2*p + 54. Let j(n) = -n**2 + 21*n + 837. Let c be j(-20). Calculate s(c).
20
Let f(n) be the first derivative of 2*n**2 - 11*n - 160. Give f(2).
-3
Let j(f) = -2*f**3 + 2*f**2 + f - 5. Let q = -7622 - -7625. Give j(q).
-38
Let f(b) = -b**2 - 5*b + 14. Suppose 3 = k - 4*c - 9, 0 = 3*k + 4*c + 28. Calculate f(k).
18
Let u(y) be the second derivative of -12*y**2 + 26 - 4*y + 1/2*y**3. Calculate u(10).
6
Let v(t) be the first derivative of -1/2*t**2 - 17*t + 107. Calculate v(-6).
-11
Let c(b) = -b**2 - 30*b + 1892. Let k be c(31). Let t(g) = 66*g - 66. Calculate t(k).
0
Let x(t) = 3*t + 7. Let p = -359 + 435. Suppose -p = -5*d - 101. Give x(d).
-8
Let o be (1 + -5 - 1)/(122/(-122)). Let d(t) = -t**3 + 3*t**2 + 10*t + 5. Determine d(o).
5
Let h(x) be the second derivative of x**4/12 + 5*x**3/3 + 11*x**2 + 9103*x. Give h(-15).
97
Let r = 16 + -21. Let a(b) = 7*b**2 - 11*b + 6. Let i(z) = -1 - 2 - 44*z + 50*z - 4*z**2. Let d(g) = r*i(g) - 3*a(g). What is d(5)?
-13
Let f(q) = -q + 13. Let l be f(8). Let a be 8/6*2/(4/9). Let p(y) = y**3 + 6*y - a*y - 4*y**2 - y**2 + 4. What is p(l)?
4
Let a(s) = s**2 - 5*s + 7. Let w = 515 - 510. Let z be (-2)/w*(-12 - 3). What is a(z)?
13
Let o be 2/1*1/2. Let z = 273 + -270. Let g(k) = -1 - 99*k**3 + k**2 + 98*k**z + 3*k**2 - 2*k**2. What is g(o)?
0
Let s(c) = 3 + 11*c + 1 + 2 + 6 + 6. Give s(-5).
-37
Let f(c) be the second derivative of -5*c - 7/6*c**3 - 7/12*c**4 - 1/2*c**2 - 1/20*c**5 + 0. Let h(s) = s**2 - 8*s + 7. Let x be h(6). What is f(x)?
-16
Let v(t) be the third derivative of -t**5/60 - t**4/8 + t**3/3 - 315*t**2. Let h = 4 + -4. Suppose n = -h*n - 4. Give v(n).
-2
Let z(u) be the first derivative of 0*u + 20 + 5/24*u**4 + 0*u**2 + 1/60*u**5 + 5*u**3. Let i(n) be the third derivative of z(n). Calculate i(6).
17
Let z(v) = -24*v - 165. Suppose 98 = -28*g - 13*g + 27*g. What is z(g)?
3
Let d(o) = o**2 - 10*o - 37. Let k(l) = 15*l**2 + 2*l + 11. Let x be k(0). Give d(x).
-26
Let o(m) = -28*m**2 + 189*m + 58. Let y be o(7). Let w(g) = g**3 - 11*g**2 + 14*g + 27. Give w(y).
-9
Let m(z) be the second derivative of 0 - 7/8*z**4 + 0*z**2 - 12*z + 1/120*z**5 - 2*z**3. Let k(g) be the second derivative of m(g). Calculate k(0).
-21
Let t(n) be the first derivative of -7*n**2/2 - 657. Give t(1).
-7
Let l = 78 - 60. Let c be 27/l*786/(-9). Let k = -126 - c. Let f(s) = s**3 - 5*s**2 + 4*s - 5. Calculate f(k).
15
Suppose -4*l + 14 = n, -4*n - 55 + 11 = -4*l. Let z be -4 - (-7)/((-14)/n). Let a(x) = -35*x**3 + x**2. Give a(z).
36
Suppose 0 = -48*p - 567 + 135. Let g(u) = -u**2 + 13*u + 2. Let o be g(13). Let d(j) = j**2 + 11*j - o*j**2 + 3*j**2 + 8 - j**2. What is d(p)?
-10
Let u(i) = i**3 + i**2 - i - 1. Let t(m) = 2*m**3 + 12*m**2 - 8*m - 14. Let v(f) = t(f) - 3*u(f). Suppose -1865*s + 80 = -1855*s. Calculate v(s).
13
Let r(g) = g**2 + 5. Let t be -4 - 78*(1 - 15/10). Let w(m) = -m**3 + 35*m**2 + 2*m - 66. Let o be w(t). Give r(o).
21
Let m = -16172 + 16168. Suppose 0 = -5*o + i + 11, -i = -5*o - 4*i + 7. Let u(n) = 2*n + 3 - 2*n - 5*n**o - n**3 - 5*n. Calculate u(m).
7
Let k be 4*(-56)/((-14560)/(-585)). Let d(q) = 2*q + 18 - 3 - q. What is d(k)?
6
Let k(c) = -5*c - 18. Suppose 36 = -2*g - 5*i, -i = -3*g - 3*i - 32. What is k(g)?
22
Let s(k) = k + 13. Suppose 0 = -42*r + 44*r + 332. Let y = 159 + r. Determine s(y).
6
Let a(p) = -3*p + 90. Let d be a(23). Let k(j) = d*j**2 - 1 - 37*j**2 + 15*j**2. Determine k(1).
-2
Let z(p) = p**3 - 15*p**2 + 4*p - 7. Let g be (-18)/3*(-15)/6. Determine z(g).
53
Let d(w) = 6*w - 1. Let z be (-275)/99 - 2/9. Let c(a) = -28*a + 6. Let p(g) = z*c(g) - 16*d(g). Determine p(-3).
34
Suppose -3*r + r = n + 204, 284 = -3*r + 4*n. Let j = -84 - r. Let b(o) = 33*o**2 - j*o**2 - 16*o**2 + 16*o**3. Give b(-1).
-15
Let z(n) be the second derivative of -n**4/12 + 5*n**3/3 - 15*n**2 + 3979*n. Give z(6).
-6
Suppose 0 = 2*o - 2*j - 0*j - 224, 5*j + 328 = 3*o. Let b be (-29)/o + 1/4. Let z(g) = -g**3 + g**2 + g + 4. Determine z(b).
4
Let d(g) be the first derivative of -1/2*g**2 - 77 + 5*g - 1/3*g**3. What is d(-4)?
-7
Let f = -13 - -8. Let l = -5 - f. Let a(b) = 10*b**2 + 6*b - 12. Let v(m) = 3*m**2 + 2*m - 5. Let d(q) = -a(q) + 3*v(q). Give d(l).
-3
Let a = 259 + -257. Let l(v) = 8*v**a - 3 + 39*v**3 - 38*v**3 + 6*v - 1 - 1. What is l(-7)?
2
Let u(h) = -8*h + 5. Suppose 4*d + 3*l = -940, -d + 4*l - 5*l = 234. Let b = 240 + d. What is u(b)?
-11
Let i be ((-10)/(-4))/(29/(-58))*2/(-2). Let v(l) = l**3 - 4*l**2 - 7*l + 10. Calculate v(i).
0
Suppose -d - h = -148, 0*d = 4*d - 5*h - 556. Let g = -133 + d. Let r(l) = l**3 - 12*l**2 + 12*l + 15. Determine r(g).
26
Let v(d) = -5 - 3295*d**2 + 9875*d**2 - 3302*d**2 + 4*d + 3 - 3315*d**2. Calculate v(1).
-35
Suppose 2*p - 89 = 5*g + 62, -4*g - 2*p = 110. Let x = g - -33. Let j(q) = x - 3 + 4 - q + 0. Calculate j(5).
0
Let k(b) = -7*b**3 - 15*b**2 + b + 1. Let o(w) = 3*w**3 + 7*w**2 - w - 1. Let u = -16 + 11. Let q(j) = u*o(j) - 2*k(j). Calculate q(-5).
-12
Let f(d) be the second derivative of -d**4/12 - d**3/3 + 7*d**2/2 - 428*d + 4. Give f(0).
7
Let r(g) = g**3 - g**2 + 920. Let k be r(0). Let l = -579 + 581. Let n(z) = -3 - 5*z - k*z**2 + 924*z**l + 0*z**3 + z**3. Calculate n(-5).
-3
Let f(j) be the first derivative of j**3/3 + j**2 - 65*j + 1120. Give f(7).
-2
Let o(t) = t**3 + 7*t**2 - 7*t - 12. Suppose 0 = -18*w - 266 - 123 + 245. Determine o(w).
-20
Let d(w) = -w**2 - 3*w - 4. Suppose 3*o = -27*o - 39*o - 76*o. Calculate d(o).
-4
Let j(q) = -12*q**2 + 4*q + 6. Let t(x) = x**3 - 65*x**2 + 1052*x + 66. Let f be t(34). Determine j(f).
-50
Suppose 86 = -9*y + 11*y. Let p(h) = -y + 4*h**2 + 2*h**3 + 5*h + 38 - 4*h**2. Let q(d) = d**3 + 2*d - 2. Let a(v) = 3*p(v) - 7*q(v). What is a(0)?
-1
Suppose 8*i - 36 = 5*i - x, -2*i + 38 = -4*x. Let b(o) = o**3 - 13*o**2 - o + 5. Calculate b(i).
-8
Let f(t) = 2*t + 6. Let b(s) be the third derivative of s**4/12 - 5*s**3/6 + 7*s**2. Let a be b(2). Let o be -10*(5 + a)/8. What is f(o)?
-4
Let r(h) = 4 + 3096*h - 3100*h - 5 - 3. Suppose -65 = -3*d + 2*w, 2*d + w - 62 = -d. Suppose 0 = 5*c + 6 - d. Determine r(c).
-16
Let m(j) = 7*j**3 - 6*j**2 - 7*j. Suppose 16 + 19 = 7*v. Let a(b) = -64*b**3 + 63*b**3 - 4*b + v*b. Let t(k) = -6*a(k) - m(k). Determine t(6).
6
Let s(j) = 3*j**2 - 3*j. Suppose 15*i - 18 = 6*i. Suppose -i*x + 142 = 138. Determine s(x).
6
Let p(g) = g**2 - 7*g - 2. Let l = 10355 + -10360. Determine p(l).
58
Let q = 1 + -3. Let k(m) be the first derivative of -m**2/2 + 10807. Determine k(q).
2
Suppose 0 = -4*f - b + 32, -1 = -3*f + 3*b + 2*b. Suppose 0 = 2*z, 0 = -a + 2*a - 4*z - 2. Let d(c) = c - 10 + 5 - a - 3. Determine d(f).
-3
Let v(f) = 14*f - 4. Let m be 2 + -2 - (-8)/(48/54). Suppose 0 = -y - 4*q - 1, -6*y + 8*y - 3*q - m = 0. Give v(y).
38
Let o(u) = u**3 + 8*u**2 + 8*u + 2. Let f(i) = -15*i - 163. Let l be f(-23). Let q = l + -189. Give o(q).
-5
Let i(h) = -1. Let s(a) = a**3 + 3*a**2 - 3*a + 8. Let j(w) = -3*i(w) - s(w). Suppose t - 62 = -66. What is j(t)?
-1
Let b(j) = -76*j**3 - 4*j**2 - 3*j - 12. Let k(r) = 147*r**3 + 7*r**2 + 6*r + 22. Let l(w) = -13*b(w) - 7*k(w). Determine l(1).
-39
Let i = -20837 - -20837. Let o(c) be the second derivative of -c**4/12 + c**3/6 + 11*c**2/2 - c. Give o(i).
11
Let p(q) = -6*q**2 - 41*q. Let b(l) = -l**2 - 52*l - 7. Let g be b(-52). Determine p(g).
-7
Suppose 51 = -5*y + 16. Let f(j) = -7 + 5*j - 2 - 51*j**2 + 52*j**2. Give f(y).
5
Let z(a) = -11*a + 281. Let t(h) = 15*h - 385. Let v(n) = 8*t(n) + 11*z(n). Give v(11).
0
Let b(x) = -2*x**3 - 2*x**2.